 prime factors of (2 - (-84)/(-24))/((-1)/2476).
2, 3, 619
Suppose 146*z = 7*z + 605484. List the prime factors of z.
2, 3, 11
Suppose 5*b - p - 4*p = 40, 2*b = 4*p + 12. Suppose o = -b*o + 1232. What are the prime factors of o?
2, 7
Suppose 983 = f - 4*o + 150, -5*o - 838 = -f. List the prime factors of f.
3, 271
Let i = -20 + 21. Let d = i - -10. Let q(u) = u**2 - 6*u - 13. What are the prime factors of q(d)?
2, 3, 7
Let y be (-3)/1 + (0 - -1). Let c = -4 - y. List the prime factors of c/12 - (-510)/36.
2, 7
Let l(q) = -3*q**2 + 5*q**2 - 3*q**2 + 12*q**2 - q**3. Let v be l(11). Suppose r = -v*r - 5*p + 65, 0 = 5*r + 5*p - 285. List the prime factors of r.
5, 11
Let m(h) = -65*h - 2. Let j be m(-1). Let q = j - 17. List the prime factors of q.
2, 23
Let d = -90 - -92. Suppose -4*l + d*o + 501 = -83, -l = 5*o - 146. List the prime factors of l.
2, 73
Let a be (11/11)/((-1)/(-5)). Suppose -390 = -5*m - a*m. What are the prime factors of m?
3, 13
Suppose -3*w - 29 = -5*v, v - 6*v + 4*w = -27. List the prime factors of -25*1*v/(7/(-4)).
2, 5
Suppose 9401 = -163*y + 170*y. What are the prime factors of y?
17, 79
Let n = 21 + 48. Let d(k) = 11*k**2 + 5*k - 6. Let f be d(1). Let g = n - f. What are the prime factors of g?
59
Suppose 8 = 6*b - 4*b. Suppose b = -l - 1. Let j = 70 + l. What are the prime factors of j?
5, 13
Suppose 96 = -5*a - 129. Let q = a + 60. List the prime factors of q.
3, 5
Let s be (3 + 9)*(-1)/2. Let o(m) = -m**2 - 8*m. Let g be o(s). Let d = g + 15. List the prime factors of d.
3
Let v = -30 + 26. Let n be 4/(-8)*1*v. What are the prime factors of (348/3 + n)/2?
59
Let z(n) = -13*n**3 - 14*n**2 - 1. Let o(b) = -7*b**3 - 7*b**2 - 1. Let k(a) = -11*o(a) + 6*z(a). Let i be k(-7). List the prime factors of (-2 - -3)/(i/10).
2
Let m be 2/(9/((-54)/(-4))). Suppose -4*x = m*x - 70. What are the prime factors of x?
2, 5
Suppose 11*o - 27*o + 6512 = 0. What are the prime factors of o?
11, 37
Let y = -4 + -4. Let s(a) = -3*a + 10 - 40 + 12. List the prime factors of s(y).
2, 3
Let w be (-3 + (-6)/(-4))*4/(-2). Suppose 0 = -3*x + w*l + 384, l + 3*l = -3*x + 419. List the prime factors of x.
7, 19
Suppose 3*n = -2*n + 15. Suppose -2*o + 0*i - n*i = -334, 4*o - 636 = 2*i. List the prime factors of o.
7, 23
Let j = 6 - 9. Let x(l) = -7*l**2 + 3. Let c be x(j). List the prime factors of (-1570)/c - 1/6.
2, 13
Suppose -140*u = -143*u + 1152. List the prime factors of u.
2, 3
Suppose 126 = -0*s + 3*s + 3*m, -69 = -2*s + 3*m. Suppose 0 = -43*w + s*w + 376. List the prime factors of w.
2, 47
Let y = 2033 + -1314. List the prime factors of y.
719
Let u = 109 - 107. List the prime factors of (1 + -4)/(3/(-438)*u).
3, 73
Suppose -11*a + 31*a = 680. What are the prime factors of a?
2, 17
Suppose 52*f - 15*f = 28453. What are the prime factors of f?
769
Let u = -2 - -6. Suppose -u*c - 66 + 182 = 0. List the prime factors of c.
29
Let g = -3 - 30. List the prime factors of (g/9 - 3)/((-2)/21).
2, 5, 7
Let d(l) = -3*l + 42. Let a(r) = -5*r + 63. Let o(f) = 5*a(f) - 7*d(f). What are the prime factors of o(-12)?
3, 23
Let o = 0 - -5. Suppose o*h = 5*t + 50, 0 = -2*h + t - 3*t + 12. Suppose 2*x = h*x - 294. What are the prime factors of x?
7
Let c(y) = 79*y**2 - 53*y - 259. What are the prime factors of c(-5)?
7, 283
Let i = 19 + -23. Let t = 9 + i. Suppose t*n - 6 = 129. List the prime factors of n.
3
Suppose 6*x - 9*x = 5*f, 8 = x - f. Let h be 1/((1/(-3))/(-1)). Suppose l = -b + 22, -29 = -x*l + h*l + b. List the prime factors of l.
17
Let x = 11 - 47. Let i be (4*4)/(-2) - -3. List the prime factors of (45/12)/i*x.
3
Let v = -23 + 29. Suppose -f = -v*c + 4*c - 155, 0 = -4*f - 3*c + 609. List the prime factors of f.
3, 17
Let i(r) = r**3 - 2*r + 65. Suppose -6 = 2*h + h, -3*z + 4*h + 8 = 0. List the prime factors of i(z).
5, 13
Suppose 8*b - 38*b = -107790. List the prime factors of b.
3593
Let u be ((-156)/65)/(6/(-500)). List the prime factors of (u/(-3) - -4)/((-4)/6).
2, 47
Let f = 12 - 9. Let p(d) = 0*d - 1 - 2*d**3 + f*d**2 + 2*d + 2*d + 2. What are the prime factors of p(-3)?
2, 5, 7
What are the prime factors of ((-112)/(-32))/(2/(-4)) - -1013?
2, 503
Let j(y) = -y**3 - 5*y**2 - 3*y. Let m be j(-3). What are the prime factors of ((-6)/m)/(6/225)?
5
List the prime factors of -5*(10116/(-20) - -1).
2, 631
Let d = 15 + -11. Let o(v) = 8*v - 13. Let c(h) = -41*h + 65. Let p(q) = 2*c(q) + 11*o(q). What are the prime factors of p(d)?
11
Let g be (2/5)/((-11)/(-55)). Suppose -4*q = 12, -3*y + 4*q + 282 = g*y. List the prime factors of y.
2, 3
Let s be (-2 + 6/2)*3. Let l be -5 + 4 + 1 + s. Suppose -4*c + 3*d = -79, -5*c + l*d = -0*c - 101. What are the prime factors of c?
2, 11
Let d be 3/(-6*(-3)/12). Suppose -3*o = r - 123, -4*r - 180 = -6*o + d*o. What are the prime factors of o?
2, 3, 7
Let a(t) = 1662*t - 134. List the prime factors of a(2).
2, 5, 11, 29
Suppose 2*n + 4*r = 395 - 129, r = n - 136. What are the prime factors of n?
3, 5
Suppose -195 = 2*z - 49. Let h = z - -88. What are the prime factors of h?
3, 5
What are the prime factors of -4 - (-2005 - (-18)/(6/(-1)))?
2, 3, 167
Suppose 12*p - 7*p = -5. Let d(v) = 25*v. Let f be d(-1). List the prime factors of (-3 - p)/(2/f).
5
Suppose 3*g + q + 31 = 6667, -4*q = g - 2212. What are the prime factors of g?
2, 7, 79
Let f = 7857 - 5499. What are the prime factors of f?
2, 3, 131
Let i(d) = d**2 + 13*d - 3. Suppose -27 = 5*q + 58. Let z be i(q). What are the prime factors of 2 - -2 - z*-1?
3, 23
Let m be 2/(-7) - 216/28. Let t(d) = -2*d - 77. Let p(z) = z + 51. Let n(h) = m*p(h) - 5*t(h). List the prime factors of n(17).
11
Let t = 109 + -123. Let u(k) = 7 + 6*k + 6 + k**2 + 6*k. List the prime factors of u(t).
41
Let s(d) = d**2 - 4*d + 6. Let a(i) = i - 3. Let x be a(7). Let u be s(x). Suppose u = -4*r + 6*r. What are the prime factors of r?
3
Let b = -186 - -331. List the prime factors of b.
5, 29
Let l(n) = n**2 - 2*n**2 + 15 - 3*n - 14*n + 5*n. Let o be l(-13). Suppose 4*t - 55 = -2*v - t, -4*t - 46 = -o*v. What are the prime factors of v?
5
What are the prime factors of 642 + -7*10/(-35)?
2, 7, 23
Suppose -q = -f - 5, 4*q + 0*f - 6 = -3*f. Suppose 0 = -3*l + y + 270, -q*l = -2*l - y - 92. What are the prime factors of l?
89
Suppose 0 = 6*z - 79 - 11. Suppose z = 4*l + l. List the prime factors of l.
3
Suppose 0 = 2*w + 4*h - 88, 0*w + 2*h + 156 = 3*w. List the prime factors of w.
2, 5
Let x = 66 + -63. Suppose 2*q = -4*a - a + 335, 5*q = -x*a + 790. What are the prime factors of q?
5, 31
Suppose 0 = -11*g - 0*g + 924. Suppose -5*j = -0*d - 5*d - 90, -3*j - 3*d = -g. What are the prime factors of j?
23
Let d = -820 + 1311. What are the prime factors of d?
491
Suppose 0 = -s, 2*m - 34 + 98 = -5*s. Let f = m - -34. What are the prime factors of f?
2
Suppose -6 - 2 = -z. Let r = 12 - z. Suppose -r*m - 3*c - 21 = -93, -m + 4*c + 18 = 0. List the prime factors of m.
2, 3
Suppose a = -10 + 60. Suppose -46*r = -a*r + 124. List the prime factors of r.
31
Suppose 1830 = -27*h + 33*h. What are the prime factors of h?
5, 61
Let d be 6/3 - (-3)/1. Suppose 3 = d*m - 17. Suppose 0 = -c + 5*s + 1, 0*c + 5*s = m*c - 19. List the prime factors of c.
2, 3
Let s(a) = -625*a**3 - 3*a**2 + 2. List the prime factors of s(-1).
2, 3, 13
Let y(k) = k**2 + 4 + 5 + 6 - 2 - 3*k. Let v be y(7). Suppose -2*x + 3*x - v = 0. What are the prime factors of x?
41
Let c be (1 - -1) + 32/(-2). Let h = -38 - -34. What are the prime factors of 3/1 - (c + h)?
3, 7
Suppose 2*z + 3*o - 6 = 0, 3*z + 3*o - 6 = -2*z. Suppose z = g + g. Suppose g = 3*t + i + 3*i - 57, -5*i - 130 = -5*t. What are the prime factors of t?
23
Let g(f) = -12*f + 1. Let j(h) = -3*h. Let y(k) = 2*g(k) - 9*j(k). Let w be (-6)/2 - 12/(-2). What are the prime factors of y(w)?
11
Let s = 1022 + -656. What are the prime factors of s?
2, 3, 61
Suppose 29*j + 32 = 21*j. List the prime factors of (89 - (1 - -3)) + j.
3
Let s(m) = -5*m + 250. What are the prime factors of s(0)?
2, 5
Let l(j) = 18*j**2 + 1. Suppose 0 = -z - 4*z - 5. List the prime factors of l(z).
19
Let p(j) = j + 67. List the prime factors of p(-12).
5, 11
Let b be 59 + (-12)/(-4) + -1. Suppose u + 15 = -2*u, -b = -3*f + 5*u. Let x = f - -5. What are the prime factors of x?
17
Let z = 328 - -7